or of 227 and 22019.
227
Calculate the greatest common factor of 524 and 3013.
131
What is the greatest common divisor of 50 and 980?
10
What is the highest common divisor of 3330 and 296?
74
What is the greatest common factor of 532 and 1197?
133
Calculate the highest common divisor of 837 and 27.
27
What is the highest common factor of 189 and 5166?
63
What is the highest common divisor of 24 and 24?
24
What is the highest common factor of 19691 and 58?
29
Calculate the highest common factor of 24867 and 81.
81
What is the highest common factor of 9355 and 5?
5
What is the highest common divisor of 68 and 3604?
68
What is the greatest common divisor of 32 and 24?
8
What is the highest common factor of 30 and 1968?
6
What is the greatest common factor of 12 and 2784?
12
What is the highest common divisor of 9988 and 88?
44
Calculate the highest common factor of 278 and 2.
2
What is the greatest common divisor of 20 and 452?
4
What is the highest common factor of 270 and 90?
90
What is the highest common divisor of 80 and 704?
16
What is the highest common factor of 40 and 1900?
20
What is the greatest common divisor of 1125 and 3105?
45
What is the greatest common divisor of 18109 and 398?
199
Calculate the highest common divisor of 9 and 1623.
3
Calculate the highest common factor of 610 and 20.
10
Calculate the greatest common factor of 2782 and 78.
26
Calculate the highest common divisor of 902 and 88.
22
Calculate the highest common divisor of 94 and 329.
47
What is the highest common factor of 125 and 175?
25
Calculate the highest common factor of 192 and 6.
6
Calculate the highest common divisor of 228 and 180.
12
What is the greatest common factor of 2592 and 208?
16
What is the greatest common divisor of 145 and 493?
29
What is the greatest common divisor of 364 and 133?
7
Calculate the highest common factor of 32 and 36.
4
Calculate the greatest common factor of 432 and 162.
54
What is the greatest common divisor of 946 and 22?
22
What is the greatest common factor of 198 and 264?
66
Calculate the highest common divisor of 102 and 34.
34
What is the highest common factor of 366 and 12?
6
Calculate the highest common divisor of 770 and 280.
70
Calculate the greatest common divisor of 374 and 44693.
187
What is the greatest common divisor of 54 and 2?
2
What is the greatest common divisor of 768 and 21?
3
Calculate the highest common factor of 1116 and 1023.
93
What is the greatest common divisor of 52 and 9490?
26
What is the highest common factor of 7169 and 67?
67
Calculate the greatest common divisor of 53 and 16165.
53
Calculate the highest common factor of 8 and 204.
4
What is the highest common factor of 364 and 10556?
364
Calculate the highest common divisor of 72 and 2466.
18
Calculate the highest common factor of 5016 and 11.
11
Calculate the greatest common divisor of 416 and 160.
32
Calculate the greatest common divisor of 63 and 180.
9
Calculate the greatest common divisor of 1813 and 147.
49
What is the greatest common factor of 6825 and 25?
25
What is the highest common factor of 38 and 171?
19
What is the greatest common factor of 40 and 270?
10
Calculate the highest common factor of 2541 and 22.
11
Calculate the highest common factor of 427 and 21.
7
What is the highest common factor of 13 and 312?
13
Calculate the greatest common divisor of 80 and 48.
16
What is the highest common divisor of 52 and 234?
26
What is the highest common divisor of 675 and 270?
135
What is the greatest common divisor of 41 and 697?
41
What is the greatest common factor of 27 and 28701?
27
What is the greatest common factor of 8178 and 29?
29
Calculate the highest common factor of 42 and 2786.
14
What is the greatest common factor of 95 and 133?
19
Calculate the highest common factor of 682 and 154.
22
What is the highest common divisor of 3 and 543?
3
What is the highest common factor of 30 and 80?
10
What is the greatest common factor of 88 and 66?
22
What is the greatest common factor of 2 and 26?
2
What is the highest common factor of 88 and 1859?
11
What is the greatest common factor of 105 and 135?
15
Calculate the highest common divisor of 26207 and 73.
73
Calculate the highest common divisor of 192 and 24.
24
What is the greatest common factor of 1507 and 11?
11
Calculate the highest common divisor of 3483 and 43.
43
What is the highest common factor of 688 and 7439?
43
Calculate the greatest common divisor of 102 and 170.
34
What is the highest common divisor of 54 and 4?
2
What is the highest common divisor of 260 and 156?
52
What is the greatest common divisor of 986 and 544?
34
What is the greatest common divisor of 75 and 45?
15
What is the greatest common factor of 23 and 90689?
23
What is the greatest common factor of 1870 and 340?
170
Calculate the greatest common factor of 1739 and 74.
37
Calculate the highest common factor of 700 and 28.
28
What is the highest common divisor of 39 and 27807?
39
What is the highest common divisor of 808 and 16?
8
Calculate the greatest common divisor of 40 and 45.
5
Calculate the highest common divisor of 36 and 19692.
36
What is the highest common factor of 198 and 48?
6
What is the greatest common divisor of 368 and 16?
16
Calculate the highest common factor of 7130 and 92.
46
Calculate the greatest common factor of 203 and 21.
7
Calculate the highest common factor of 1232 and 48.
16
What is the highest common factor of 925 and 37?
37
Calculate the greatest common divisor of 80 and 640.
80
Calculate the highest common divisor of 16 and 6.
2
Calculate the greatest common factor of 7820 and 425.
85
Calculate the highest common divisor of 34 and 272.
34
What is the highest common factor of 24 and 2340?
12
Calculate the highest common factor of 56 and 728.
56
What is the highest common factor of 4668 and 84?
12
What is the highest common divisor of 52 and 702?
26
What is the highest common divisor of 144 and 252?
36
What is the greatest common factor of 469 and 268?
67
Calculate the greatest common divisor of 114 and 12046.
38
What is the greatest common divisor of 96 and 21792?
96
What is the greatest common divisor of 1160 and 40?
40
What is the highest common factor of 324 and 12?
12
What is the highest common factor of 288 and 3294?
18
What is the greatest common factor of 24 and 489?
3
What is the greatest common factor of 4 and 178?
2
What is the greatest common divisor of 87 and 87?
87
Calculate the greatest common factor of 25 and 75.
25
What is the greatest common divisor of 6941 and 33?
11
Calculate the greatest common divisor of 13777 and 23.
23
What is the greatest common factor of 40 and 104?
8
Calculate the greatest common factor of 200 and 75.
25
Calculate the highest common divisor of 4244 and 12.
4
What is the greatest common factor of 632 and 16?
8
Calculate the highest common factor of 10720 and 1005.
335
What is the highest common factor of 415 and 320?
5
What is the highest common divisor of 15 and 408?
3
Calculate the greatest common factor of 20402 and 404.
202
What is the greatest common factor of 483 and 345?
69
What is the highest common factor of 224 and 28?
28
Calculate the highest common factor of 672 and 1824.
96
What is the highest common divisor of 3799 and 131?
131
Calculate the greatest common factor of 464 and 3306.
58
What is the greatest common divisor of 19 and 38?
19
What is the greatest common divisor of 65 and 117?
13
What is the highest common factor of 24 and 88?
8
Calculate the highest common factor of 172 and 2666.
86
Calculate the highest common factor of 75 and 10425.
75
Calculate the highest common factor of 261 and 4089.
87
What is the highest common divisor of 77 and 1491?
7
What is the highest common divisor of 546 and 702?
78
What is the greatest common divisor of 64 and 248?
8
What is the highest common divisor of 1081 and 115?
23
Calculate the highest common divisor of 83 and 2573.
83
What is the highest common factor of 301 and 7?
7
Calculate the highest common factor of 776 and 8.
8
What is the greatest common divisor of 265 and 106?
53
Calculate the greatest common divisor of 7580 and 100.
20
Calculate the highest common factor of 112 and 18784.
16
What is the greatest common divisor of 3495 and 15?
15
Calculate the greatest common